inder when 127 is divided by 45?
37
What is the remainder when 85 is divided by 44?
41
What is the remainder when 1393 is divided by 41?
40
Calculate the remainder when 433 is divided by 108.
1
Calculate the remainder when 384 is divided by 282.
102
Calculate the remainder when 53 is divided by 9.
8
What is the remainder when 2558 is divided by 32?
30
Calculate the remainder when 45 is divided by 26.
19
What is the remainder when 1947 is divided by 104?
75
What is the remainder when 111 is divided by 43?
25
What is the remainder when 2427 is divided by 64?
59
Calculate the remainder when 207 is divided by 19.
17
Calculate the remainder when 987 is divided by 22.
19
Calculate the remainder when 23 is divided by 5.
3
Calculate the remainder when 6958 is divided by 20.
18
What is the remainder when 442 is divided by 114?
100
What is the remainder when 177 is divided by 38?
25
What is the remainder when 1327 is divided by 83?
82
Calculate the remainder when 112 is divided by 19.
17
What is the remainder when 50 is divided by 26?
24
What is the remainder when 768 is divided by 56?
40
Calculate the remainder when 2623 is divided by 164.
163
Calculate the remainder when 1308 is divided by 55.
43
Calculate the remainder when 255 is divided by 80.
15
Calculate the remainder when 372 is divided by 186.
0
What is the remainder when 223 is divided by 28?
27
What is the remainder when 17 is divided by 14?
3
Calculate the remainder when 5462 is divided by 11.
6
What is the remainder when 33 is divided by 1?
0
What is the remainder when 282 is divided by 109?
64
What is the remainder when 315 is divided by 109?
97
What is the remainder when 161 is divided by 26?
5
Calculate the remainder when 803 is divided by 244.
71
What is the remainder when 1715 is divided by 244?
7
Calculate the remainder when 1102 is divided by 157.
3
Calculate the remainder when 7638 is divided by 27.
24
Calculate the remainder when 247 is divided by 33.
16
Calculate the remainder when 2240 is divided by 77.
7
Calculate the remainder when 5254 is divided by 72.
70
What is the remainder when 1067 is divided by 29?
23
What is the remainder when 387 is divided by 78?
75
Calculate the remainder when 447 is divided by 59.
34
What is the remainder when 57 is divided by 25?
7
What is the remainder when 119 is divided by 17?
0
What is the remainder when 503 is divided by 2?
1
What is the remainder when 1341 is divided by 328?
29
Calculate the remainder when 580 is divided by 280.
20
Calculate the remainder when 692 is divided by 384.
308
What is the remainder when 1262 is divided by 128?
110
Calculate the remainder when 682 is divided by 131.
27
What is the remainder when 1114 is divided by 51?
43
Calculate the remainder when 818 is divided by 21.
20
Calculate the remainder when 120 is divided by 30.
0
Calculate the remainder when 28837 is divided by 19.
14
What is the remainder when 1777 is divided by 89?
86
Calculate the remainder when 1629 is divided by 32.
29
Calculate the remainder when 5809 is divided by 1449.
13
What is the remainder when 119 is divided by 54?
11
Calculate the remainder when 130 is divided by 63.
4
Calculate the remainder when 495 is divided by 153.
36
Calculate the remainder when 49 is divided by 18.
13
What is the remainder when 960 is divided by 296?
72
What is the remainder when 238 is divided by 16?
14
Calculate the remainder when 2678 is divided by 10.
8
What is the remainder when 637 is divided by 19?
10
What is the remainder when 26 is divided by 6?
2
Calculate the remainder when 194 is divided by 48.
2
What is the remainder when 752 is divided by 22?
4
What is the remainder when 228 is divided by 87?
54
What is the remainder when 655 is divided by 94?
91
What is the remainder when 254 is divided by 95?
64
What is the remainder when 741 is divided by 31?
28
Calculate the remainder when 634 is divided by 80.
74
Calculate the remainder when 1021 is divided by 254.
5
What is the remainder when 93 is divided by 65?
28
What is the remainder when 400 is divided by 209?
191
What is the remainder when 4551 is divided by 120?
111
What is the remainder when 3006 is divided by 70?
66
What is the remainder when 167 is divided by 29?
22
Calculate the remainder when 18 is divided by 6.
0
What is the remainder when 3932 is divided by 34?
22
What is the remainder when 190 is divided by 32?
30
Calculate the remainder when 4542 is divided by 59.
58
Calculate the remainder when 2636 is divided by 30.
26
What is the remainder when 884 is divided by 217?
16
What is the remainder when 2805 is divided by 12?
9
Calculate the remainder when 1035 is divided by 976.
59
Calculate the remainder when 361 is divided by 14.
11
What is the remainder when 168 is divided by 38?
16
What is the remainder when 1570 is divided by 224?
2
What is the remainder when 181 is divided by 47?
40
What is the remainder when 441 is divided by 109?
5
Calculate the remainder when 741 is divided by 24.
21
Calculate the remainder when 186 is divided by 29.
12
Calculate the remainder when 191 is divided by 24.
23
What is the remainder when 690 is divided by 175?
165
Calculate the remainder when 330 is divided by 45.
15
What is the remainder when 33 is divided by 9?
6
What is the remainder when 670 is divided by 20?
10
What is the remainder when 251 is divided by 38?
23
What is the remainder when 248 is divided by 50?
48
What is the remainder when 30 is divided by 14?
2
Calculate the remainder when 1547 is divided by 12.
11
Calculate the remainder when 3238 is divided by 36.
34
Calculate the remainder when 636 is divided by 103.
18
What is the remainder when 721 is divided by 147?
133
Calculate the remainder when 31 is divided by 10.
1
Calculate the remainder when 135 is divided by 26.
5
What is the remainder when 30 is divided by 11?
8
Calculate the remainder when 209 is divided by 174.
35
What is the remainder when 546 is divided by 168?
42
Calculate the remainder when 1127 is divided by 39.
35
Calculate the remainder when 138 is divided by 20.
18
Calculate the remainder when 1824 is divided by 21.
18
Calculate the remainder when 883 is divided by 26.
25
What is the remainder when 3034 is divided by 44?
42
What is the remainder when 3372 is divided by 45?
42
Calculate the remainder when 4438 is divided by 491.
19
What is the remainder when 3133 is divided by 56?
53
What is the remainder when 147 is divided by 40?
27
Calculate the remainder when 24 is divided by 22.
2
Calculate the remainder when 948 is divided by 56.
52
Calculate the remainder when 335 is divided by 68.
63
What is the remainder when 332 is divided by 28?
24
Calculate the remainder when 706 is divided by 29.
10
What is the remainder when 271 is divided by 13?
11
What is the remainder when 147 is divided by 4?
3
Calculate the remainder when 2178 is divided by 24.
18
What is the remainder when 101 is divided by 53?
48
What is the remainder when 109 is divided by 36?
1
What is the remainder when 296 is divided by 106?
84
Calculate the remainder when 123 is divided by 38.
9
Calculate the remainder when 2930 is divided by 46.
32
Calculate the remainder when 448 is divided by 222.
4
Calculate the remainder when 154 is divided by 25.
4
Calculate the remainder when 1844 is divided by 32.
20
Calculate the remainder when 255 is divided by 84.
3
What is the remainder when 194 is divided by 40?
34
Calculate the remainder when 631 is divided by 192.
55
Calculate the remainder when 281 is divided by 67.
13
Calculate the remainder when 812 is divided by 74.
72
Calculate the remainder when 641 is divided by 131.
117
Calculate the remainder when 913 is divided by 61.
59
What is the remainder when 115 is divided by 53?
9
Calculate the remainder when 381 is divided by 55.
51
Calculate the remainder when 148 is divided by 39.
31
Calculate the remainder when 755 is divided by 54.
53
What is the remainder when 92 is divided by 25?
17
What is the remainder when 74 is divided by 24?
2
Calculate the remainder when 571 is divided by 82.
79
Calculate the remainder when 1122 is divided by 126.
114
What is the remainder when 25 is divided by 11?
3
What is the remainder when 2998 is divided by 91?
86
What is the remainder when 661 is divided by 6?
1
What is the remainder w